/((-6)/3))/(13 - 16). List the prime factors of ((-4)/(-12)*843)/p.
281
Let y be -51 + 59 - (8 + 0). Suppose 9*s + 13*s - 6006 = y. List the prime factors of s.
3, 7, 13
Let z be (-2*6/20)/((-81)/70065). Let p = z - 73. What are the prime factors of p?
2, 223
Suppose 0 = 20*s - 28*s. Suppose 7*w + 4*w - 4576 = s. What are the prime factors of w?
2, 13
Let q = -687 - -629. Let f(t) = -t + 240. Let h be f(0). Let d = h + q. List the prime factors of d.
2, 7, 13
Let w(a) be the second derivative of a**3/2 + 7*a**2 + 4*a. Let u be w(-4). Suppose g = -g - 5*i + 145, -i - 115 = -u*g. List the prime factors of g.
2, 3, 5
Suppose 2*a = b + 1, 0*a - a + 41 = 4*b. Suppose x - 71 = 4*w - b, 4*w = 20. What are the prime factors of x?
2, 41
Suppose -2*r + 7*y - 6*y + 74267 = 0, y + 111400 = 3*r. List the prime factors of r.
71, 523
Suppose 2*r + 4 = m, 4*m + 4 = -5*r - 6. Suppose 40*l - 38*l - 18 = m. Suppose 5*d - l*d + 380 = 0. What are the prime factors of d?
5, 19
Suppose v + 2*q = 3*q + 2690, 2*v - 5355 = -3*q. Suppose 4*t = -x + v - 607, 5*t - x = 2602. What are the prime factors of t?
2, 5, 13
Let v = 746 + -185. Suppose 0 = -9*n - v + 1569. What are the prime factors of n?
2, 7
Let i = 9 - -15. Suppose 2*w + 5*o - 111 = -i, -3*w + 2*o = -178. Suppose 8*h - 4*h = w. What are the prime factors of h?
2, 7
Suppose 0 = -2*b, -3*m + 120 = 5*b - 2*b. Let j be (m/(-24))/((-2)/6). Suppose j*u = 528 + 672. List the prime factors of u.
2, 3, 5
Let o(j) = 700*j - 19. Let m be o(1). Suppose -4*a - 2*i = -453 - m, 0 = -2*i + 6. What are the prime factors of a?
2, 3, 47
Suppose -4618 = -3*v - m, 4*m + 4643 = 2*v + v. List the prime factors of v.
23, 67
Suppose -3*p + v + 26 - 8 = 0, 32 = 4*p - 4*v. Suppose 3*f - 107 = -r, -p*r - 6 + 579 = -4*f. Let m = r + 46. List the prime factors of m.
3, 53
Let h = -73 + 46. Let x = 258 - h. What are the prime factors of x?
3, 5, 19
Suppose 0 = 11*n - 2884 + 387. Suppose -4*a = -t - 9 + 541, 3*t = -a - 146. Let d = n + a. List the prime factors of d.
3, 31
Let q(a) = 7*a + 11. Let l be q(-1). Suppose 0 = -l*o + 7*o - 180. What are the prime factors of o?
2, 3, 5
Let r(l) = -490*l - 1866. What are the prime factors of r(-28)?
2, 5927
List the prime factors of ((-232947)/143)/((-3)/22).
2, 3, 11, 181
Let c be (0 - -1)/(-35 + 34). List the prime factors of -101*c/(2 + (-9)/6).
2, 101
Suppose 5*d - 2*d + 3*i = 7080, 0 = -6*d + i + 14188. List the prime factors of d.
2, 3, 197
Suppose 2*z + 10 - 2 = 0. Suppose -4*s = 5*r - 448 - 15, 0 = 2*s - 4. List the prime factors of z/26 - (-9387)/r.
103
Let y(w) = 22*w**2 - 28*w + 415. List the prime factors of y(-38).
33247
Suppose u = 11*u + 11740. Let f = -568 - u. List the prime factors of f.
2, 3, 101
Let m be 4/((-16)/(-2))*6. Suppose 2*w + 5*g = 46, -4*g + 0 + m = -w. List the prime factors of 10/(-8)*w/(13/(-84)).
3, 5, 7
Let d(w) = -w**3 + 4*w**2 + 4*w + 7. Let t be d(5). Suppose -c + 4*y + 28 = -27, -c + 43 = t*y. Let u = 109 - c. What are the prime factors of u?
2, 31
Suppose -2*x = -h + 1, 1 = -2*x - 1. Let c be h/2*(-160)/16. Suppose 4*i = z - 101, -9*z + 7*z + 189 = c*i. List the prime factors of z.
97
Let f = -17311 - -30828. List the prime factors of f.
7, 1931
Suppose -3*i + 3372 = 3*w, -i = -64*w + 66*w - 1119. List the prime factors of i.
1129
List the prime factors of 71760/14 - (-666)/2331.
2, 11, 233
Let r(i) = -i**3 - i**2 + 4*i - 2. Let a be r(4). Let k = a + 105. Suppose -p = d - 2*d - k, -170 = -4*p - 3*d. List the prime factors of p.
41
Let o(v) = 1124*v**2 + 502*v + 2005. List the prime factors of o(-4).
17981
Suppose -8*o = -3*x - 76068, 0 = 3*o - 5*x + 3*x - 28522. What are the prime factors of o?
2, 3, 5, 317
Let j(g) = -6*g - 17. Let a(l) = -19*l - 50. Let w(t) = -2*a(t) + 7*j(t). Let r be w(-6). Suppose 0*y = r*y - 35. What are the prime factors of y?
7
Suppose 0 = -13*q - 7*q. Suppose q = -12*b + 11*b + 908. List the prime factors of b.
2, 227
Let k(h) = -10*h - 7. Let d be k(-2). Suppose -d = -16*w + 19. Suppose -u = q - 106, -w*u + 167 = q + 61. What are the prime factors of q?
2, 53
Let t be -59 + 2 - 1*-4. Suppose -4*o = -8*o - 616. Let p = t - o. List the prime factors of p.
101
Let s be ((-6)/(-7))/3 - (-605)/(-35). Let a(m) be the second derivative of -4*m**3/3 + 23*m**2/2 + 28*m. What are the prime factors of a(s)?
3, 53
Suppose -3*k - 2715 = -18*k. Suppose 298 = r - k. What are the prime factors of r?
479
Suppose 4*t + 2*w = -32, 4*w - 8 + 0 = 4*t. List the prime factors of t*(-2)/78 - (-24369)/39.
5
Let o = 23494 - 9471. What are the prime factors of o?
37, 379
Let n(l) = -1392*l**3 - l**2 + 51*l + 51. What are the prime factors of n(-1)?
13, 107
Let r = -77893 - -109584. List the prime factors of r.
11, 43, 67
Let m be (4 + -8)/(1/(-3)). Suppose -6*o = -m*o + 30. List the prime factors of (-4 + o)*77 - 2.
3, 5
Let s(y) = 4*y**2 - 30*y - 11. Let n(q) = 8*q**2 - 58*q - 23. Let t(h) = 4*n(h) - 7*s(h). What are the prime factors of t(-9)?
3, 13
Suppose 20*c + 289926 = 371376 + 452830. List the prime factors of c.
2, 19, 37
Let j = -4206 + 6000. Suppose 3*o - 2696 + 902 = -5*f, -3*o + 3*f = -j. What are the prime factors of o?
2, 13, 23
List the prime factors of (-28)/4 + 17/((-102)/(-22908)).
37, 103
Let p be (1344/(-20))/(-3) - (-4)/(-10). Let z be p + -5 + 1 + 6. List the prime factors of 8/z + 0 + (-722)/(-3).
241
Let q(r) = 2*r**2 + 7*r + 2. What are the prime factors of q(-4)?
2, 3
Let r = 1495 + -252. Let z = r + -305. What are the prime factors of z?
2, 7, 67
Suppose 0 = -5*r - 3*h - 15 + 55, -h = -r. Suppose 193 = r*c + 3*z - 1488, 5*c - 1683 = -4*z. What are the prime factors of c?
5, 67
Let a be ((-9)/(-6))/((-25)/(-10) - 2). Suppose -8*u = -a*u - 1480. List the prime factors of u.
2, 37
Suppose 0 = 3*l + 516 - 2973. Suppose -2*h - 4*x + x = -331, l = 5*h - x. List the prime factors of h.
2, 41
Let k(p) = 335*p + 168. Let x be k(6). Let o = x - 1510. What are the prime factors of o?
2, 167
Let i be 3 + 1*(-4 - -11). Suppose t + 10 = -3*v + 6*t, v = 3*t - i. Suppose 386 = v*y - 114. List the prime factors of y.
2, 5
Let h(m) be the second derivative of -7*m**5/24 - m**4/12 + 17*m**3/6 + 5*m. Let g(a) be the second derivative of h(a). What are the prime factors of g(-6)?
2, 13
Let r(k) = k + 1. Let l(p) = -4*p**2 - 4*p + 34. Let d(q) = -l(q) - 4*r(q). What are the prime factors of d(6)?
2, 53
Let v(n) = n**3 + 13*n**2 - 8*n - 14. Suppose 5*k - 35 = 6*k - 5*m, 2*k = -4*m. List the prime factors of v(k).
2, 3, 61
Let l(k) = 6*k + 51. Suppose -156 = -3*d - 69. List the prime factors of l(d).
3, 5
Suppose 0 = 13*o - 28 - 24. Suppose o*f - 2870 = -g, -f + 336 = -4*g - 373. List the prime factors of f.
3, 239
Let v(u) = 2*u**3 - 25*u**2 + 9*u + 41. Let x be v(12). Let c(j) = -4*j + 179. List the prime factors of c(x).
3, 53
Let t(n) = n**2 + 14*n - 7. Let w be 16/6 - ((-11)/(-3) - 4). What are the prime factors of t(w)?
2, 11
What are the prime factors of (-200)/(-16)*(5236/5 + 0)?
2, 5, 7, 11, 17
Let t = -443 + 23304. What are the prime factors of t?
22861
Let u be 6/4*(-448)/24. What are the prime factors of (-20 - 6/(-3))*182/u?
3, 13
Suppose t - 38090 = 29*t - 122874. List the prime factors of t.
2, 757
Let x(u) = -1 - 9 + 50*u**2 + 4*u - 10*u - 14*u**2. List the prime factors of x(-3).
2, 83
List the prime factors of ((-9)/(-15))/((-9)/(-101415)).
6761
Suppose -2*h - 23303 + 115621 = -2*f, 138472 = 3*h - 2*f. What are the prime factors of h?
2, 47, 491
Suppose -282*n + 5808072 = -54*n. What are the prime factors of n?
2, 47, 271
Let q(f) = -f**3 + f**2 + f - 1. Let g be q(4). Suppose 17*a - 207 = 20*a - 2*y, 5*y = 3*a + 207. Let k = g - a. What are the prime factors of k?
2, 3
Let w(n) = n**3 - 37*n**2 + 368*n - 50. What are the prime factors of w(18)?
2, 11, 19
Let l(y) = 14*y + 117. Let t be l(-19). Let s = 249 + t. List the prime factors of s.
2, 5
Let b = -86 - -204. Suppose -124*r + 1140 = -b*r. List the prime factors of r.
2, 5, 19
Let q(k) be the third derivative of -11*k**6/720 + 17*k**5/120 - k**4/12 + 10*k**2. Let b(a) be the second derivative of q(a). List the prime factors of b(-7).
2, 47
Let x = 10713 - -1197. What are the prime factors of x?
2, 3, 5, 397
Let d be (-21)/(-49) - (1 - 13728/14). Suppose -3*m = 4*z - 979, 6*z - d